 -2*z = -o*z + 238. List the prime factors of z.
2, 17
List the prime factors of (3 - (50 - 42))*(15922/(-5) - 1).
3, 5309
Let z(r) = 13882*r - 272. List the prime factors of z(2).
2, 3, 29, 79
Let y be (35/(-6))/(16/(-1056)). List the prime factors of (-1)/(4 - y/95).
19
Let w be 8/48*0 + 2 + -1. List the prime factors of 192/8 + (-3)/w.
3, 7
Suppose -f - 4*t - 740 = 0, -3*f + 2*t - 348 - 1872 = 0. Let y = -410 - f. Let a = 527 - y. What are the prime factors of a?
197
Suppose -y - 17626 - 19070 = -4*y. What are the prime factors of y?
2, 11, 139
Suppose 43*v + 6 = 46*v, 2*m - 3*v = 19588. List the prime factors of m.
97, 101
Suppose 7*f = -0*f - 476. Let m be ((0 - 1) + 5)/(68/f). List the prime factors of m*4/(48/(-249)).
83
Suppose 108667 + 46221 = 33*c - 209927. What are the prime factors of c?
3, 5, 11, 67
Suppose 10*k = 223 + 17. Suppose 32*f = k*f + 1224. Suppose -c + f + 46 = 0. List the prime factors of c.
199
Suppose -575046 = -11364*g + 11355*g. List the prime factors of g.
2, 3, 23, 463
Let a = 452 - 132. Let m = 23 + a. What are the prime factors of m?
7
Suppose d = -178 - 679. Let w = 530 - d. List the prime factors of w.
19, 73
Let s be (-25)/(-4) - (-80)/(-64). Suppose n - p - 1063 = 0, 5*p = -s*n + 112 + 5213. What are the prime factors of n?
2, 7, 19
Let y be 4*(-1)/(24/(-30)). Let l be (-2)/4*(-13 + y). Suppose l*p + 159 = 347. List the prime factors of p.
47
Let y(u) = 3*u**2 - 3*u - 9. Suppose -84 = -3*z + 6*s - 3*s, 2*z - 64 = -2*s. Let m = z - 25. What are the prime factors of y(m)?
3, 17
Let u(z) = -384*z + 3754. List the prime factors of u(-9).
2, 5, 7, 103
Let p be 270/4*(-5 + 76/12). Suppose -79*o = -p*o + 44. List the prime factors of o.
2
Let c = -83 + 83. Suppose c - 10 = m. List the prime factors of 2/(m/(-635)) - -2.
3, 43
Let h(u) = -3083*u**3 - 2*u**2 + 596*u + 1809. What are the prime factors of h(-3)?
2, 3, 7, 991
Let t = 199 + -197. Suppose 0 = -3*b + 5*g + 1190, -t*b - 2*g - 188 + 1008 = 0. What are the prime factors of b?
3, 5
Suppose 0 = 4*y - 49 + 21. Let j be ((2 - -1) + -2)/(y/35). Suppose 77 = w - 0*m + m, 0 = -3*w - j*m + 221. List the prime factors of w.
2, 41
Let p(g) = 2*g**3 - 128*g**2 + 1054*g + 120. What are the prime factors of p(60)?
2, 3, 5
Let u = 80 - 100. Let f be u/5 + 16 + 4. Suppose -13*p + 348 = -f. List the prime factors of p.
2, 7
Suppose 3*o - 37 = -5*g, 5*g - 4*o - 3 = 41. Let t be 8 + 3 + -1 - 6. Suppose -g*a = -4*a + t*v - 328, -5*a + 390 = v. What are the prime factors of a?
7, 11
Suppose 0 = -5*c + 2*i + 2*i + 1613, -i = -c + 322. Let n = 542 - c. Let f = n - 29. What are the prime factors of f?
2, 47
Let a(g) = -4*g - 35. Let i be a(-10). Suppose 4*k + z - 85 = 0, i*z + 31 = k + 2*z. Suppose -k*v = -23*v + 222. List the prime factors of v.
2, 3, 37
Suppose 0*d + 5*j + 315 = 5*d, 2*d - 116 = -3*j. Suppose q - 534 = -d. List the prime factors of q.
11, 43
Let z(s) = -3*s**2 + 10*s - 5. Let r be z(2). Suppose -5*y - 3*j = -365, -r = 3*j + 12. What are the prime factors of y?
2, 19
Let g = 77 + -23. Let d = g - 48. Suppose 0 = 4*u - d*u + 130. List the prime factors of u.
5, 13
Suppose -5*l - 63360 = -5*m + 70435, 5*l = -9*m + 240747. List the prime factors of m.
31, 863
Let k(p) = -19*p - 29. Suppose -14*t = 154 + 56. What are the prime factors of k(t)?
2
Suppose -4*z + 11834 = 2*b, 3*b + 2*z - 17763 = -z. What are the prime factors of b?
3, 5, 79
Suppose -10 = -50*l + 45*l. Suppose 0 = -5*f + 3*s + 634, -5*f = -s + l*s - 642. What are the prime factors of f?
2
Suppose 4*d + 214 = 5*d + 2*u, -5*d = -2*u - 1094. Suppose 3*w + 2*w = n - d, 4*w = -3*n + 635. What are the prime factors of n?
3, 71
Let t = 29307 - 18733. List the prime factors of t.
2, 17, 311
Suppose -5*t - 348*c = -346*c - 128083, 5*c = -3*t + 76865. What are the prime factors of t?
5, 47, 109
Let t be 16/(-8)*(24 - 0 - 2). Let i = t - -63. Let m = i + 6. List the prime factors of m.
5
Let u be -6 - (-98548)/52 - (-4)/(-26). Suppose -2*z + 3*o + u = 0, 4*z + o = 8*z - 3763. What are the prime factors of z?
2, 5, 47
Let n(r) = 82*r**3 - 10*r**2 + 16*r - 12. What are the prime factors of n(4)?
2, 5, 257
Suppose 8*k = -1 + 41. Suppose -5*x + 10 = -k. Suppose x*b + 40 = 2*q + 118, -5*q = -2*b + 52. List the prime factors of b.
2, 13
Let y = -84 + 85. Let l be 6 + 17499/24 - y/8. Suppose 0 = -k - 4*k + l. What are the prime factors of k?
3, 7
Let s be (0/(-1) - -40)*1072/335. Suppose -2036 = -2*g - s. List the prime factors of g.
2, 3, 53
Let a be (-1 - 1 - -4 - -1)*-123. Let b = a + 161. Let q = -123 - b. What are the prime factors of q?
5, 17
Suppose -3*k = 2*x - 63, 4*k - 6 + 2 = 0. Suppose -x*s - 60 = -35*s. Let g = 205 - s. What are the prime factors of g?
193
Let b(i) = -i**3 + 15*i**2 + 17*i - 4. Let h be b(16). Let w(l) = l**3 - 12*l**2 - l + 1. Let r be w(h). List the prime factors of -5*r/(-22)*(-22)/5.
11
Let f be 1/(-3*(-4)/(-24)). Let s be f/((-6)/9) + -4. What are the prime factors of 189/2 + s/2?
2, 47
Suppose 4*m - 17 - 3 = 0, -4*z - 5*m + 19373 = 0. What are the prime factors of z?
7, 691
Let y(f) = -f**2 - 4*f + 15. Let i be y(-6). Let x be (i/4)/((-15)/(-100)). Suppose -209 = -x*m + 2*m - 5*r, 103 = m - 5*r. List the prime factors of m.
2, 3, 13
Suppose -318992 - 52140 = -31*j. What are the prime factors of j?
2, 41, 73
Suppose 3*c + 1290 = -2*c. Let y(z) = 53*z + 1645. Let o be y(-24). Let l = c + o. What are the prime factors of l?
5, 23
Let j be 0 + (-1256 - (-3 - 1)). Let c = 30 - j. List the prime factors of c.
2, 641
Let f(g) = -54*g**3 + 4*g**2 - 34*g - 88. List the prime factors of f(-5).
2, 1733
Suppose j - 132 = -5*j. Suppose -6*k = -j*k + 7200. What are the prime factors of k?
2, 3, 5
Suppose -5*p - 497 = -502. Let n(w) = -w**2 - 9*w - 8. Let g be n(-7). What are the prime factors of 302/g*p + (-4)/12?
2, 5
List the prime factors of 58259 - (18 - 14 - -10).
3, 5, 11, 353
Suppose -29*y + 26291 + 185322 = 0. What are the prime factors of y?
7297
Let u(k) = -15*k**3 + 2*k**2 - 5*k + 5. Let n be u(-4). Let x = n + -562. What are the prime factors of x?
5, 7, 13
Let q(l) = -11*l + 44 - l**3 + 2*l - l**2 - 45. List the prime factors of q(-5).
2, 3
Let y(k) = -3*k**2 + 51*k + 56. Let n be y(18). Suppose -3983 = -n*w + m, -33 + 31 = 2*m. What are the prime factors of w?
11, 181
Let c(y) = -y**3 - 11*y**2 + 2. Let f be c(-11). List the prime factors of (-1716)/f*9/(-27).
2, 11, 13
What are the prime factors of 5541 - (-3 + 33/11)?
3, 1847
Suppose 0 = 5*j - 5*d + 605, 3*j + 10*d + 347 = 5*d. Let v = j - -412. List the prime factors of v.
293
Let r be (-54)/(4/(-18) + 80/765). Suppose -r = -12*k + 753. List the prime factors of k.
101
Suppose -41*q - 51*q - 213964 + 754740 = 0. What are the prime factors of q?
2, 2939
Suppose 2*w + l - 277 = 0, -4*l - 159 = -2*w + 143. Let v be 270/70 - 9/(-63). Suppose f = v*g + 12 - 3, 0 = -5*f - 4*g + w. List the prime factors of f.
5
Let o(j) = -4*j**3 + 23*j**2 + 95*j - 100. What are the prime factors of o(-18)?
2, 5, 2897
Suppose 160*b - 159*b - 1115 = 0. List the prime factors of b.
5, 223
Let s = 651 - 1040. Let x(o) = -207*o**3 - 4*o**2 + 3*o. Let h be x(1). Let l = h - s. What are the prime factors of l?
181
Let t(c) = 11*c**2 + 93*c - 8. List the prime factors of t(25).
2, 3, 383
Let v(s) = 165*s**2 - 45*s + 806. List the prime factors of v(13).
2, 13, 23, 47
Let z be ((3 - 5)*401)/(1 - 2). Suppose o = 2*s + z, 3977 = 8*o - 3*o + s. What are the prime factors of o?
2, 199
Let p = 1276 - 198. Suppose -2*k + k - 2184 = -4*r, -4*k - p = -2*r. What are the prime factors of r?
547
Suppose 32*w - 76 - 52 = 0. Suppose w*t = -3*q + 3042, -t - 6 = -9. List the prime factors of q.
2, 5, 101
Let n(z) = -62*z. Let o = 53 + -30. Suppose -1 = -u - c, -4*c - c + o = -4*u. List the prime factors of n(u).
2, 31
Let x be (-2 + 0)*(-18)/(-12) + 87. What are the prime factors of 40/24*(-9)/(-10)*x?
2, 3, 7
Let n be (1 + 2 - 69/23) + 618. List the prime factors of ((-10)/20)/(-1 - (-615)/n).
103
Let t be (-1)/1 - 3 - 193. Let r = t - -653. What are the prime factors of r?
2, 3, 19
Let m = 13420 + -9226. List the prime factors of m.
2, 3, 233
Suppose -2*i = -2*b - 88561 + 21567, b = 5. What are the prime factors of 7/42 - (i/(-12))/7?
3, 7, 19
Suppose -305*r + 4992768 = 6